{"id":14,"date":"2019-03-08T21:11:59","date_gmt":"2019-03-08T20:11:59","guid":{"rendered":"http:\/\/candicemedinamaraud.com\/?page_id=14"},"modified":"2025-04-10T09:13:57","modified_gmt":"2025-04-10T07:13:57","slug":"contact","status":"publish","type":"page","link":"https:\/\/candicemedinamaraud.com\/index.php\/contact\/","title":{"rendered":"Contact et RDV"},"content":{"rendered":"<div class=\"wp-block-image\">\n<figure class=\"aligncenter size-large is-resized\"><img loading=\"lazy\" decoding=\"async\" width=\"768\" height=\"1024\" src=\"https:\/\/candicemedinamaraud.com\/wp-content\/uploads\/2024\/11\/photo-moi-1-768x1024.jpg\" alt=\"\" class=\"wp-image-597\" style=\"width:278px;height:auto\" srcset=\"https:\/\/candicemedinamaraud.com\/wp-content\/uploads\/2024\/11\/photo-moi-1-768x1024.jpg 768w, https:\/\/candicemedinamaraud.com\/wp-content\/uploads\/2024\/11\/photo-moi-1-225x300.jpg 225w, https:\/\/candicemedinamaraud.com\/wp-content\/uploads\/2024\/11\/photo-moi-1-1152x1536.jpg 1152w, https:\/\/candicemedinamaraud.com\/wp-content\/uploads\/2024\/11\/photo-moi-1-900x1200.jpg 900w, https:\/\/candicemedinamaraud.com\/wp-content\/uploads\/2024\/11\/photo-moi-1-1280x1707.jpg 1280w, https:\/\/candicemedinamaraud.com\/wp-content\/uploads\/2024\/11\/photo-moi-1.jpg 1536w\" sizes=\"auto, (max-width: 768px) 100vw, 768px\" \/><\/figure><\/div>\n\n\n<p>Vous souhaitez <strong>prendre rdv<\/strong> ? Vous pouvez me contacter par mail <em>candice.medinamaraud@gmail.com<\/em> ou par t\u00e9l\u00e9phone 06 32 82 55 01.<\/p>\n\n\n\n<p>Je propose des s\u00e9ances \u00e0 mon cabinet \u00e0 <a href=\"https:\/\/www.google.com\/maps\/place\/Candice+M%C3%A9dina-Maraud\/@42.9743768,-0.1893585,17z\/data=!3m1!4b1!4m6!3m5!1s0xd57d713bf17ad77:0xccc0c12847c37fb1!8m2!3d42.9743768!4d-0.1893585!16s%2Fg%2F11fj_zcsfb?entry=ttu&amp;g_ep=EgoyMDI0MDkyNC4wIKXMDSoASAFQAw%3D%3D\">Aucun<\/a> (15min d&rsquo;Argel\u00e8s-Gazost, 25min de Lourdes) ainsi qu&rsquo;au t\u00e9l\u00e9phone.<\/p>\n\n\n\n<p>Mon cabinet se situe \u00e0 la maison de sant\u00e9 d&rsquo;Aucun, 2bis route d&rsquo;Azun, dans les Hautes-Pyr\u00e9n\u00e9es (65) <a href=\"https:\/\/www.maisonsanteazun.com\/\" data-type=\"link\" data-id=\"https:\/\/www.maisonsanteazun.com\/\">https:\/\/www.maisonsanteazun.com\/<\/a><\/p>\n\n\n\n<p>#psychanalyste #hautespyr\u00e9n\u00e9es #65 #psyhautespyr\u00e9n\u00e9es #psy65 #psyvaldazun #valdazun #psyargelesgazost #psy<\/p>\n\n\n\n<p><\/p>\n\n\n\n<figure class=\"wp-block-image size-large\"><img loading=\"lazy\" decoding=\"async\" width=\"1024\" height=\"771\" src=\"https:\/\/candicemedinamaraud.com\/wp-content\/uploads\/2025\/04\/1000022192-1024x771.jpg\" alt=\"\" class=\"wp-image-662\" srcset=\"https:\/\/candicemedinamaraud.com\/wp-content\/uploads\/2025\/04\/1000022192-1024x771.jpg 1024w, https:\/\/candicemedinamaraud.com\/wp-content\/uploads\/2025\/04\/1000022192-300x226.jpg 300w, https:\/\/candicemedinamaraud.com\/wp-content\/uploads\/2025\/04\/1000022192-768x578.jpg 768w, https:\/\/candicemedinamaraud.com\/wp-content\/uploads\/2025\/04\/1000022192-1536x1157.jpg 1536w, https:\/\/candicemedinamaraud.com\/wp-content\/uploads\/2025\/04\/1000022192-2048x1542.jpg 2048w, https:\/\/candicemedinamaraud.com\/wp-content\/uploads\/2025\/04\/1000022192-900x678.jpg 900w, https:\/\/candicemedinamaraud.com\/wp-content\/uploads\/2025\/04\/1000022192-1280x964.jpg 1280w\" sizes=\"auto, (max-width: 1024px) 100vw, 1024px\" \/><\/figure>\n\n\n\n<p><\/p>\n","protected":false},"excerpt":{"rendered":"<p>Vous souhaitez prendre rdv ? Vous pouvez me contacter par mail candice.medinamaraud@gmail.com ou par t\u00e9l\u00e9phone 06 32 82 55 01. Je propose des s\u00e9ances \u00e0 mon cabinet \u00e0 Aucun (15min d&rsquo;Argel\u00e8s-Gazost, 25min de Lourdes) ainsi qu&rsquo;au t\u00e9l\u00e9phone. Mon cabinet se situe \u00e0 la maison de sant\u00e9 d&rsquo;Aucun, 2bis route d&rsquo;Azun, dans les Hautes-Pyr\u00e9n\u00e9es (65) https:\/\/www.maisonsanteazun.com\/ [&hellip;]<\/p>\n","protected":false},"author":1,"featured_media":0,"parent":0,"menu_order":0,"comment_status":"closed","ping_status":"closed","template":"","meta":{"footnotes":""},"class_list":["post-14","page","type-page","status-publish","hentry"],"_links":{"self":[{"href":"https:\/\/candicemedinamaraud.com\/index.php\/wp-json\/wp\/v2\/pages\/14","targetHints":{"allow":["GET"]}}],"collection":[{"href":"https:\/\/candicemedinamaraud.com\/index.php\/wp-json\/wp\/v2\/pages"}],"about":[{"href":"https:\/\/candicemedinamaraud.com\/index.php\/wp-json\/wp\/v2\/types\/page"}],"author":[{"embeddable":true,"href":"https:\/\/candicemedinamaraud.com\/index.php\/wp-json\/wp\/v2\/users\/1"}],"replies":[{"embeddable":true,"href":"https:\/\/candicemedinamaraud.com\/index.php\/wp-json\/wp\/v2\/comments?post=14"}],"version-history":[{"count":15,"href":"https:\/\/candicemedinamaraud.com\/index.php\/wp-json\/wp\/v2\/pages\/14\/revisions"}],"predecessor-version":[{"id":663,"href":"https:\/\/candicemedinamaraud.com\/index.php\/wp-json\/wp\/v2\/pages\/14\/revisions\/663"}],"wp:attachment":[{"href":"https:\/\/candicemedinamaraud.com\/index.php\/wp-json\/wp\/v2\/media?parent=14"}],"curies":[{"name":"wp","href":"https:\/\/api.w.org\/{rel}","templated":true}]}}